{"id":137,"date":"2025-09-23T09:36:49","date_gmt":"2025-09-23T09:36:49","guid":{"rendered":"https:\/\/dauson.com.vn\/?post_type=product&#038;p=137"},"modified":"2025-09-28T08:19:45","modified_gmt":"2025-09-28T08:19:45","slug":"ao-dai-lua-trang","status":"publish","type":"product","link":"https:\/\/dauson.com.vn\/index.php\/product\/ao-dai-lua-trang\/","title":{"rendered":"\u00c1o d\u00e0i l\u1ee5a tr\u1eafng"},"content":{"rendered":"<p>\u00c1o d\u00e0i l\u1ee5a tr\u1eafng D\u1ea5u Son &#8211; N\u00e9t tinh kh\u00f4i, b\u1ea3n s\u1eafc Vi\u1ec7t<\/p>\n<p>N\u1ebfu c\u00f3 m\u1ed9t v\u1ebb \u0111\u1eb9p n\u00e0o tr\u01b0\u1eddng t\u1ed3n v\u1edbi th\u1eddi gian, \u0111\u00f3 ch\u00ednh l\u00e0 v\u1ebb \u0111\u1eb9p thu\u1ea7n khi\u1ebft c\u1ee7a t\u00e0 \u00e1o d\u00e0i l\u1ee5a tr\u1eafng. Chi\u1ebfc \u00e1o d\u00e0i n\u00e0y kh\u00f4ng ch\u1ec9 l\u00e0 trang ph\u1ee5c, m\u00e0 c\u00f2n l\u00e0 m\u1ed9t c\u00e2u chuy\u1ec7n k\u1ec3 v\u1ec1 s\u1ef1 duy\u00ean d\u00e1ng v\u00e0 thanh l\u1ecbch c\u1ee7a ng\u01b0\u1eddi ph\u1ee5 n\u1eef Vi\u1ec7t.<\/p>\n<p>Thi\u1ebft k\u1ebf c\u1ee7a D\u1ea5u Son \u0111\u01b0\u1ee3c may \u0111o t\u1ec9 m\u1ec9, v\u1edbi phom d\u00e1ng chu\u1ea9n m\u1ef1c \u00f4m tr\u1ecdn v\u00f3c d\u00e1ng, gi\u00fap t\u00f4n l\u00ean \u0111\u01b0\u1eddng cong m\u1ec1m m\u1ea1i v\u00e0 b\u1edd vai thon g\u1ecdn. Ch\u1ea5t li\u1ec7u l\u1ee5a cao c\u1ea5p mang l\u1ea1i c\u1ea3m gi\u00e1c m\u1ec1m m\u1ea1i, nh\u1eb9 nh\u00e0ng tr\u00ean da, cho b\u1ea1n s\u1ef1 tho\u1ea3i m\u00e1i tuy\u1ec7t \u0111\u1ed1i khi di chuy\u1ec3n. T\u1eebng \u0111\u01b0\u1eddng kim, m\u0169i ch\u1ec9 \u0111\u1ec1u \u0111\u01b0\u1ee3c th\u1ef1c hi\u1ec7n b\u1edfi nh\u1eefng ng\u01b0\u1eddi th\u1ee3 l\u00e0nh ngh\u1ec1, th\u1ec3 hi\u1ec7n s\u1ef1 tr\u00e2n tr\u1ecdng v\u00e0 t\u00e2m huy\u1ebft c\u1ee7a D\u1ea5u Son trong t\u1eebng s\u1ea3n ph\u1ea9m.<\/p>\n<p>\u00c1o d\u00e0i l\u1ee5a tr\u1eafng D\u1ea5u Son l\u00e0 s\u1ef1 l\u1ef1a ch\u1ecdn ho\u00e0n h\u1ea3o cho nh\u1eefng d\u1ecbp quan tr\u1ecdng nh\u01b0 l\u1ec5 \u0103n h\u1ecfi, ti\u1ec7c c\u01b0\u1edbi, hay c\u00e1c bu\u1ed5i g\u1eb7p m\u1eb7t trang tr\u1ecdng. Chi\u1ebfc \u00e1o kh\u00f4ng ch\u1ec9 gi\u00fap b\u1ea1n t\u1ecfa s\u00e1ng v\u1edbi v\u1ebb ngo\u00e0i r\u1ea1ng r\u1ee1, m\u00e0 c\u00f2n l\u01b0u gi\u1eef m\u1ed9t &#8220;d\u1ea5u son&#8221; tinh kh\u00f4i, \u0111\u00e1ng nh\u1edb trong cu\u1ed9c \u0111\u1eddi.<\/p>\n","protected":false},"excerpt":{"rendered":"<p>\u00c1o d\u00e0i l\u1ee5a tr\u1eafng D\u1ea5u Son &#8211; N\u00e9t tinh kh\u00f4i, b\u1ea3n s\u1eafc Vi\u1ec7t N\u1ebfu c\u00f3 m\u1ed9t v\u1ebb \u0111\u1eb9p n\u00e0o tr\u01b0\u1eddng t\u1ed3n v\u1edbi th\u1eddi gian, \u0111\u00f3 ch\u00ednh l\u00e0 v\u1ebb \u0111\u1eb9p thu\u1ea7n khi\u1ebft c\u1ee7a t\u00e0 \u00e1o d\u00e0i l\u1ee5a tr\u1eafng. Chi\u1ebfc \u00e1o d\u00e0i n\u00e0y kh\u00f4ng ch\u1ec9 l\u00e0 trang ph\u1ee5c, m\u00e0 c\u00f2n l\u00e0 m\u1ed9t c\u00e2u chuy\u1ec7n k\u1ec3 v\u1ec1 s\u1ef1 [&#8230;]\n","protected":false},"featured_media":138,"comment_status":"open","ping_status":"closed","template":"","meta":[],"product_brand":[],"product_cat":[23,24],"product_tag":[31,30],"class_list":{"0":"post-137","1":"product","2":"type-product","3":"status-publish","4":"has-post-thumbnail","6":"product_cat-ao-dai-nu","7":"product_cat-ao-dai-truyen-thong","8":"product_tag-ban-chay","9":"product_tag-hang-moi-ve","11":"first","12":"instock","13":"taxable","14":"shipping-taxable","15":"purchasable","16":"product-type-simple"},"_links":{"self":[{"href":"https:\/\/dauson.com.vn\/index.php\/wp-json\/wp\/v2\/product\/137","targetHints":{"allow":["GET"]}}],"collection":[{"href":"https:\/\/dauson.com.vn\/index.php\/wp-json\/wp\/v2\/product"}],"about":[{"href":"https:\/\/dauson.com.vn\/index.php\/wp-json\/wp\/v2\/types\/product"}],"replies":[{"embeddable":true,"href":"https:\/\/dauson.com.vn\/index.php\/wp-json\/wp\/v2\/comments?post=137"}],"wp:featuredmedia":[{"embeddable":true,"href":"https:\/\/dauson.com.vn\/index.php\/wp-json\/wp\/v2\/media\/138"}],"wp:attachment":[{"href":"https:\/\/dauson.com.vn\/index.php\/wp-json\/wp\/v2\/media?parent=137"}],"wp:term":[{"taxonomy":"product_brand","embeddable":true,"href":"https:\/\/dauson.com.vn\/index.php\/wp-json\/wp\/v2\/product_brand?post=137"},{"taxonomy":"product_cat","embeddable":true,"href":"https:\/\/dauson.com.vn\/index.php\/wp-json\/wp\/v2\/product_cat?post=137"},{"taxonomy":"product_tag","embeddable":true,"href":"https:\/\/dauson.com.vn\/index.php\/wp-json\/wp\/v2\/product_tag?post=137"}],"curies":[{"name":"wp","href":"https:\/\/api.w.org\/{rel}","templated":true}]}}